u(t) be the third derivative of -t**4/24 - t**3/6 + t**2. Let g be u(-4). Give m(g).
-10
Let w(i) = i. Let c(h) = h**2 - 6*h + 3. Let d be c(4). What is w(d)?
-5
Let z(a) = -a**2 - a - 1. Let y(w) = -w**2 + 2*w - 1. Let m(k) = y(k) - 2*z(k). Let t be (2*(-1 - 0))/1. What is m(t)?
-3
Let w(f) be the first derivative of -3*f**4/4 - f**3/6 - f**2/2 + 8*f - 5. Let q(z) be the first derivative of w(z). What is q(-1)?
-9
Let b be (-669)/27 + 4/(-18). Let y be 2/(-5) + 40/b. Let x(k) = -3*k - 2. Calculate x(y).
4
Let v = 23 + -68/3. Let h(i) be the second derivative of v*i**4 + 1/20*i**5 + 0*i**2 + 0 - 1/6*i**3 + 2*i. Calculate h(-4).
4
Let v(f) = 2*f**2 + 2*f - 1. Let o = 5 + -8. Let d be (2/o + 1)*15. Suppose -4*t - 1 = -d*g + 2, 0 = 4*g + 4. Calculate v(t).
3
Let h(t) = -t**2 - 4*t - 3. Let l(j) = -6*j**2 - 21*j - 14. Let c(q) = -11*h(q) + 2*l(q). Let s = 4 - 0. Give c(s).
-3
Suppose -3*z - 1 - 1 = y, y = -z. Let g(o) = 6*o**3 - o**2 + 4*o + 4. Let j(c) = c + 1. Let r(w) = z*g(w) + 4*j(w). Give r(1).
-5
Let t = 11 - 5. Let y = t + -5. Let u(r) = r - 1 + r + 0. Determine u(y).
1
Let l(o) be the second derivative of o**5/20 + o**4/12 + o**3/6 + 7*o**2/2 + o. Let s(q) = q**2 + 7*q - 8. Let g be s(-8). What is l(g)?
7
Let a(c) = -6*c**2. Let h be a(1). Let z(s) be the third derivative of -s**5/60 - s**4/3 - 4*s**3/3 + 20*s**2. Determine z(h).
4
Let l(g) be the first derivative of -2*g - 1 - 3/2*g**2. Give l(-2).
4
Let h be 1 + 1 + 2 + -2. Let g(q) = -2*q - 2*q**h - 2*q + 3*q - 2*q**3. Let v be ((-4)/6)/((-4)/(-6)). What is g(v)?
1
Let k(l) = -l**2 + 8*l + 3. Let n = 151 - 145. Determine k(n).
15
Suppose 0 = -4*x + 6 - 18. Let l = 0 - x. Suppose l*p + 1 = 4. Let o(r) = -3*r**2 + r. Give o(p).
-2
Suppose 0 = -4*w + 1 + 11. Let y(f) = f**2 - 3*f - 4. What is y(w)?
-4
Let q(i) = 1 + 16*i**3 - 2*i**3 - 13*i**3 - 3*i. Determine q(-3).
-17
Let l(c) = -c + 8. Suppose 0 = 5*j - 99 + 34. Let f = j + -8. Calculate l(f).
3
Let q(t) = t + 5. Let w be (-3 - -5)*(-2 + 0). Let d = -2 - w. Suppose d = -2*b + 12. Determine q(b).
10
Let l(g) = -2*g**3 + 3*g**2 - g - 1. Let q = 4 + -2. Give l(q).
-7
Let h(v) = -v + 6. Let n(l) be the third derivative of l**4/24 - 5*l**3/6 + 5*l**2. Let b be n(5). Give h(b).
6
Let f(t) = t. Suppose -12 = -5*g + 13. Suppose 5*a - 2*v - 8 = 13, g*a = -4*v + 3. Determine f(a).
3
Let j be 60/(-52) - 4/(-26). Let v(q) = 3*q**3 + q**2 - 1. Give v(j).
-3
Let v(z) = -10*z**3 - z**2 + z + 1. Suppose -2*j + 4*s = 18, 0*j + 3*j - 13 = -4*s. Give v(j).
9
Let g(w) = w + 6*w**2 - 5 + w**2 - w**2. Let b(q) = -q**2 - 4 + q + 0 + 6*q**2. Let k(y) = 5*b(y) - 4*g(y). Calculate k(1).
2
Let s(a) = a**2 + 10*a + 9. Let y(q) = -q - 5. Let m be y(3). What is s(m)?
-7
Let a be (2/5)/(5/25). Let d(q) = 2*q + 2 + 14 - q - a*q. Calculate d(0).
16
Let l be -2 + -2 - 8/(-12)*3. Let x(k) = 3*k**2 + 3*k. What is x(l)?
6
Let d(b) = -b**2 - 8*b - 2. Let z be d(-7). Suppose -2*j + 3*j + 3*t = 9, -3*j = z*t - 15. Let k(y) = -3*y**3 + 2*y**3 + 11 + y**2 - 2*y**2. Determine k(j).
11
Let f(r) = r**3 + 4*r**2 - 6*r. Let z be 32/(-12)*(-9)/4. Suppose -2*g = -4*g - z. Let d be (2 - (0 + 4)) + g. Determine f(d).
5
Let p(q) = 34*q + 6. Suppose -3*s + 24 = -0*s. Suppose s = 5*m - 47. Let n(d) = -7*d - 1. Let o(v) = m*n(v) + 2*p(v). Give o(1).
-8
Let l(s) = 2*s**2 - 2*s - 2. Let x(h) = h**2 + h - 2. Let c be x(2). Let j be -3 + 0 + (-1 - -3). Let p = c + j. Give l(p).
10
Let y(b) = -6 + b - b**2 + 3*b + 2*b**2. Let q be (-3 + -1)/4*2. Let c = -7 - q. Determine y(c).
-1
Let f(y) = -7*y - 13 + 0 + 16*y - 10*y. What is f(0)?
-13
Let t(b) = 6*b - 1. Let g = -11 - -9. Determine t(g).
-13
Let d(c) = 7*c - 4*c - 3 - c**3 - c + 6*c**2. Suppose 2*f - v - 16 = 0, -2*f = 4*v - 8*v - 28. Give d(f).
9
Let t(x) = -x + 1. Let w be -4 - 2/((-2)/2). Let z be (w + 1 - -1)/(-3). Calculate t(z).
1
Let u(p) be the third derivative of -p**7/2520 + p**6/180 + p**5/120 - 7*p**4/24 - 9*p**2. Let i(d) be the second derivative of u(d). Calculate i(6).
-11
Let j(l) = -4*l**2 + 14*l + 11. Let b(s) = s**2 - 5*s - 4. Let a(k) = 8*b(k) + 3*j(k). Let n(y) = -2*y**2 - 2*y - 1. Let u be n(-1). Determine a(u).
-5
Suppose 3*z = -2*c - 2*c + 12, c = 5*z + 26. Let d(w) = -2 - w + 2*w - 2. Give d(c).
2
Suppose -o - 2*t = t + 6, 10 = 5*o + 5*t. Let k(m) = m**2 - 5*m - 2. Give k(o).
4
Let t(z) = -z - 1. Let i(k) = 22*k. Let y(p) = -i(p) + t(p). What is y(-1)?
22
Let d(b) = -3*b + 3. Suppose -y + 0*y + 25 = -4*r, 4*y - 30 = 2*r. Let z(p) = 3*p - 2. Let h(k) = y*z(k) + 4*d(k). What is h(-2)?
-4
Suppose m - 2*j = 1, 3*j - 6*j = -5*m + 19. Let s(t) = -t + 7. What is s(m)?
2
Let g(n) = 8*n + 12. Let w(d) = 15*d + 23. Suppose 22 = -5*o + 5*u + 2, 0 = -3*u - 6. Let z(i) = o*w(i) + 11*g(i). Let l be 0 - 1 - 0 - 3. Give z(l).
2
Let s(l) = -l - l**3 - 2 + 8 + l**2 + 0. Give s(0).
6
Let i(k) = 2*k**3 + 23*k**2 + 10*k - 23. Let x(h) = h**3 + 12*h**2 + 5*h - 12. Let r(s) = -6*i(s) + 11*x(s). Determine r(-5).
6
Suppose -4*c + 4 = -4*y, 4*y = 5 - 1. Let n(v) = 5*v - 1. Suppose 4 - 1 = -x. Let s(u) = -4*u + 1. Let d(l) = x*s(l) - 2*n(l). What is d(c)?
3
Let u(i) = i - 9 - 2*i + 5*i - 5*i. Let m(t) = 5. Let r(k) = 5*m(k) + 3*u(k). Calculate r(2).
-8
Let v(p) be the third derivative of -p**5/60 - p**4/24 - p**3/2 + 6*p**2. Determine v(-3).
-9
Let g(n) = -4*n - n**2 + 8*n**2 - 6 + 9*n. Let a(p) = -20*p**2 - 14*p + 18. Let h(t) = -6*a(t) - 17*g(t). Determine h(0).
-6
Let m(k) = 6*k - 1. Let f be m(1). Let n(c) = -3 + c**2 + 7 - 1 - f*c. Give n(2).
-3
Let i(d) = -5*d**3 + 9*d**2 - 7*d + 4. Let m(z) = -4*z**3 + 8*z**2 - 6*z + 4. Let x(o) = -5*i(o) + 6*m(o). Give x(-3).
7
Suppose -14 + 4 = 5*y. Let j(q) be the second derivative of -q**3 - 3*q**2/2 + 2*q. What is j(y)?
9
Suppose -2*l - 4*q + 10 = -q, 4*l - 20 = -5*q. Let m(f) = f**3 - 4*f**2 - 4*f - 1. Give m(l).
4
Let b(n) be the third derivative of n**6/120 + n**5/12 + n**4/12 + n**3/6 - 6*n**2. What is b(-4)?
9
Let y(w) = -6*w**3 + w**2 + w - 1. Let z(n) = n - 5. Let b be z(7). Suppose -2*r + 11 = -3*k, r = 3*k + 8 + b. Determine y(r).
-5
Let b(o) = 0*o - o - 2*o**3 - 3 + 2. Let g be b(-1). Let u(c) be the second derivative of -c**4/12 - c**3/3 + c**2/2 + 3*c. Determine u(g).
-7
Let k(y) = 3*y + 8. Let z(q) = q**2 - 3*q - 7. Let n(b) = 4*k(b) + 5*z(b). Let w(r) = 8 - 8*r**2 - 1 + 6*r - 3*r**2. Let h(c) = 13*n(c) + 6*w(c). What is h(-4)?
-1
Suppose -2*d = -d - 4. Let s(f) = -1 + 0*f - f + 2*f. Calculate s(d).
3
Let z(w) = 1 - 1 - 7 - w. Suppose -2*s = 2*s - 16. Let d = s - 9. Calculate z(d).
-2
Let g(h) = h**3 - 8*h**2 + 4. Let b(j) = 2*j**3 - 16*j**2 + 8. Let w(m) = 3*b(m) - 5*g(m). Give w(8).
4
Suppose -54*h + 59*h - 35 = 0. Let f(x) = -2*x + 3. What is f(h)?
-11
Suppose -3*w + 2*w = -3*o - 8, -2 = w + 2*o. Let p(u) be the third derivative of -u**4/8 + u**3/2 + 9*u**2. Give p(w).
-3
Let r(q) = -q**2 + 5*q + 4. Let p(t) = -t**3 + 11*t**2 + 14*t - 18. Let h be p(12). Give r(h).
-2
Let b(o) = o**3 - 4*o**2 + 2*o - 1. Let p be b(3). Let w(g) = g + 0*g**2 - 4*g - g**2. Determine w(p).
-4
Let b(p) = p**2 + 6*p - 1. Suppose -3*s + 5*s = 4. Let k(f) = -2*f - 2. Let j be k(s). Determine b(j).
-1
Let y(h) be the second derivative of -3*h**5/10 - h**4/12 + 17*h. Determine y(-1).
5
Let z(i) = 11*i + 32. Let y(b) = -4*b - 11. Let m(h) = -17*y(h) - 6*z(h). Let a be -2 - (1 - -2)*-2. What is m(a)?
3
Let j(z) = -z**2 - z + 5. Let g be j(4). Suppose 8 = -4*o - 32. Let v = g - o. Let t(s) = s**3 + 6*s**2 + 5*s - 6. Give t(v).
-6
Let j(c) = -c - 5. Let r(z) = 0 - z**2 + 10*z + 10 - 4*z. Let y be r(7). Let w be (-4 + y)*5*1. What is j(w)?
0
Let t(p) be the third derivative of -11*p**6/360 + p**5/60 - p**4/24 - 2*p**3/3 - 2*p**2. Let q(z) be the first derivative of t(z). Determine q(1).
-10
Let f(o) = o**2 - 7*o + 5. Let z(s) = -4*s**2 + 29*s - 21. Let v(t) = -9*f(t) - 2*z(t). Let b be v(2). Let n(y) = -4*y - y + 2 + b*y + y. Give n(1).
1
Suppose -5 = -0*a - a. Let c(z) = 367*z**2 - 368*z**2 + 5 + 2 + 5*z - 4. Calculate c(a).
3
Suppose 0*b = 2*b - 8. Suppose d + 1 = r, b*d + 4*r + 10 = d. Let z = -2 + d. Let o(h) = -h**3 - 5*h**2 - 3*h - 1. What is o(z)?
-5
Let d = -29/5 - -73/10. Let g(m) be the first derivative of 1 - 3*m - d*m**2. Give g(-3).
6
Suppose 4*g = 6 - 14. Let c(k) = 2 - 2*k**2 + k**3 - k + 2*k**2